 factor of 2020?
True
Is 5397 a multiple of 17?
False
Is 86 a factor of 258?
True
Is 51 a factor of 4641?
True
Is 620 a multiple of 10?
True
Is 180 a factor of 12507?
False
Does 37 divide 5255?
False
Is 2 a factor of 163?
False
Is 396 a multiple of 11?
True
Is 51 a multiple of 3?
True
Does 233 divide 6117?
False
Is 3944 a multiple of 58?
True
Does 21 divide 441?
True
Is 3 a factor of 1379?
False
Is 227 a multiple of 227?
True
Is 1918 a multiple of 14?
True
Is 8 a factor of 280?
True
Is 146 a factor of 54166?
True
Is 1656 a multiple of 24?
True
Does 12 divide 792?
True
Is 6 a multiple of 4?
False
Is 18225 a multiple of 8?
False
Is 6097 even?
False
Does 53 divide 2637?
False
Is 165 a multiple of 2?
False
Is 678 a multiple of 7?
False
Is 43185 a multiple of 9?
False
Is 10 a factor of 253?
False
Is 3902 a multiple of 91?
False
Is 4 a factor of 19400?
True
Does 72 divide 9360?
True
Is 63 a factor of 4725?
True
Does 3 divide 5145?
True
Does 39 divide 28675?
False
Is 312 a multiple of 13?
True
Does 7 divide 224?
True
Does 59 divide 11682?
True
Is 84 a multiple of 7?
True
Does 31 divide 1236?
False
Is 14 a factor of 7929?
False
Is 19191 a multiple of 3?
True
Is 15 a factor of 444?
False
Does 40 divide 11600?
True
Does 9 divide 54999?
True
Is 91 a factor of 18885?
False
Does 9 divide 3074?
False
Is 1467 even?
False
Is 121 a factor of 13068?
True
Is 9 a factor of 76408?
False
Is 28 a factor of 1820?
True
Is 521 a multiple of 3?
False
Is 8 a factor of 714?
False
Is 1183 a multiple of 29?
False
Does 77 divide 15136?
False
Is 74 a multiple of 74?
True
Does 18 divide 939?
False
Is 10 a factor of 570?
True
Does 12 divide 977?
False
Does 56 divide 16800?
True
Does 5 divide 257?
False
Does 51 divide 13005?
True
Is 2342 a multiple of 10?
False
Is 15523 a multiple of 19?
True
Does 2 divide 357?
False
Does 38 divide 1368?
True
Is 44 a factor of 1540?
True
Is 147 a factor of 30282?
True
Is 1427 a multiple of 130?
False
Is 1720 a multiple of 20?
True
Does 11 divide 2789?
False
Does 7 divide 218?
False
Is 27 a factor of 10643?
False
Is 9450 a multiple of 5?
True
Is 396 a multiple of 9?
True
Is 8797 a multiple of 19?
True
Is 509 a multiple of 8?
False
Is 116 a factor of 2900?
True
Is 15 a factor of 71805?
True
Is 7 a factor of 379?
False
Is 34 a factor of 127?
False
Is 1516 a multiple of 15?
False
Does 69 divide 6758?
False
Is 24 a multiple of 3?
True
Is 17 a factor of 4701?
False
Does 76 divide 21508?
True
Does 35 divide 24815?
True
Does 40 divide 48?
False
Does 78 divide 702?
True
Is 36632 a multiple of 152?
True
Is 1871 a multiple of 210?
False
Is 35 a factor of 590?
False
Does 19 divide 3135?
True
Does 20 divide 27220?
True
Does 14 divide 1022?
True
Does 4 divide 134?
False
Does 15 divide 4566?
False
Does 3 divide 4717?
False
Is 55 a factor of 3905?
True
Is 15026 a multiple of 50?
False
Is 45 a factor of 1010?
False
Is 1187 a multiple of 24?
False
Is 182 a multiple of 33?
False
Is 405 a multiple of 9?
True
Is 831 a multiple of 4?
False
Is 12 a factor of 981?
False
Does 7 divide 5320?
True
Is 81 a factor of 3331?
False
Does 27 divide 1053?
True
Does 22 divide 2965?
False
Is 1990 a multiple of 5?
True
Does 12 divide 9480?
True
Is 11 a factor of 374?
True
Does 65 divide 325?
True
Is 429 a multiple of 39?
True
Is 2494 a multiple of 28?
False
Is 1096 a multiple of 11?
False
Is 147 a multiple of 21?
True
Is 189 a factor of 9028?
False
Is 34 a factor of 171318?
False
Is 130 a multiple of 11?
False
Does 5 divide 460?
True
Is 20160 a multiple of 320?
True
Does 18 divide 113?
False
Is 6124 a multiple of 147?
False
Does 10 divide 240?
True
Is 7 a factor of 12958?
False
Is 9 a factor of 909?
True
Is 29 a factor of 754?
True
Does 52 divide 56958?
False
Is 56 a factor of 58077?
False
Is 16 a factor of 1120?
True
Is 90287 a multiple of 76?
False
Does 26 divide 126152?
True
Is 35230 a multiple of 64?
False
Does 12 divide 972?
True
Does 13 divide 1053?
True
Is 850 a multiple of 2?
True
Does 3 divide 470?
False
Does 5 divide 85?
True
Is 188 a factor of 18800?
True
Is 4069 a multiple of 33?
False
Does 3 divide 2785?
False
Does 171 divide 11435?
False
Is 17 a factor of 71439?
False
Is 255 a multiple of 13?
False
Does 14 divide 6678?
True
Is 14397 a multiple of 120?
False
Is 10 a factor of 980?
True
Is 5807 a multiple of 38?
False
Is 26 a factor of 25895?
False
Is 585 a multiple of 41?
False
Is 23925 a multiple of 165?
True
Is 28 a factor of 430?
False
Does 26 divide 1170?
True
Is 52 a factor of 2291?
False
Is 4 a factor of 2926?
False
Is 33 a factor of 5472?
False
Is 285 a multiple of 57?
True
Does 12 divide 6313?
False
Is 26 a factor of 1170?
True
Is 10660 a multiple of 26?
True
Does 5 divide 451?
False
Is 1188 a multiple of 44?
True
Is 7 a factor of 664?
False
Does 78 divide 694?
False
Is 12 a factor of 2537?
False
Is 198 a multiple of 6?
True
Does 38 divide 3931?
False
Does 4 divide 322?
False
Is 440 a factor of 143471?
False
Is 53 a factor of 139?
False
Does 3 divide 390?
True
Does 25 divide 1675?
True
Is 1134 a multiple of 9?
True
Is 19 a factor of 60040?
True
Is 2624 a multiple of 16?
True
Does 41 divide 1312?
True
Is 14586 a multiple of 39?
True
Does 37 divide 5402?
True
Is 45366 a multiple of 326?
False
Is 13493 a multiple of 198?
False
Is 30 a factor of 3180?
True
Is 1891 a multiple of 5?
False
Is 8504 a multiple of 6?
False
Does 10 divide 31820?
True
Is 55 a multiple of 3?
False
Does 23 divide 897?
True
Is 15 a factor of 14129?
False
Does 14 divide 284?
False
Does 50 divide 666?
False
Is 44213 a multiple of 9?
False
Does 125 divide 49328?
False
Is 14877 a multiple of 29?
True
Does 20 divide 520?
True
Is 2314 a multiple of 13?
True
Is 40056 a multiple of 12?
True
Is 594 a multiple of 11?
True
Does 26 divide 1352?
True
Does 98 divide 686?
True
Does 22 divide 67277?
False
Is 14 a factor of 1475?
False
Is 19 a factor of 722?
True
Is 2000 a multiple of 8?
True
Is 373 a multiple of 9?
False
Does 20 divide 120296?
False
Does 39 divide 50777?
False
Is 50 a factor of 1550?
True
Is 183 a factor of 12078?
True
Is 74322 a multiple of 46?
False
Is 5 a factor of 455?
True
Is 16 a factor of 8304?
True
Is 2698 a multiple of 10?
False
Is 63 a factor of 6174?
True
Is 17 a factor of 197?
False
Does 16 divide 1702?
False
Is 22 a factor of 5610?
True
Does 57 divide 122773?
False
Is 30 a factor of 374?
False
Does 117 divide 3744?
True
Is 14 a factor of 89180?
True
Is 612 a multiple of 51?
True
Is 57 a factor of 6453?
False
Is 30 a factor of 1066?
False
Is 254 a multiple of 30?
False
Is 123 a multiple of 3?
True
Is 644 a multiple of 46?
True
Does 15 divide 5705?
False
Does 43 divide 3799?
False
Is 380 a multiple of 5?
True
Is 41 a factor of 1189?
True
Does 56 divide 35272?
False
Does 39 divide 1599?
True
Does 65 divide 3315?
True
Is 9 a factor of 2592?
True
Does 20 divide 3380?
True
Is 17 a factor of 1958?
False
Is 32575 a multiple of 7?
False
Does 21 divide 3339?
True
Is 30 a factor of 365?
False
Is 22 a factor of 24134?
True
Is 23 a factor of 2747?
False
Is 45 a factor of 2787?
False
Does 24 divide 3174?
False
Is 1222 a multiple of 13?
True
Is 6609 a multiple of 262?
False
Does 73 divide 3650?
True
Is 25 a factor of 100160?
False
Is 9552 a multiple of 23?
False
Is 5144 a multiple of 111?
False
Is 57820 a multiple of 14?
True
Does 59 divide 29681?
False
Is 8 a factor of 15592?
True
Does 26 divide 2158?
True
Is 8 a factor of 1048?
True
Is 99 a factor of 770?
False
Is 7 a factor of 84?
True
Does 26 divide 2314?
True
Does 11 divide 422?
False
Is 57 a factor of 321?
False
Is 7556 a multiple of 82?
False
Does 152 divide 11268?
False
Does 14 divide 1033?
False
Is 12 a factor of 1183?
False
Is 24 a factor of 5115?
False
Is 6156 a multiple of 166?
False
Does 69 divide 1311?
True
Is 169 a multiple of 9?
False
Does 10 divide 5954?
False
Does 21 divide 21106?
False
Is 15 a factor of 435?
True
Is 139 a factor of 24074?
False
Does 8 divide 17760?
True
Does 5 divide 60320?
True
Is 155 a factor of 213?
False
Is 5544 a multiple of 5?
False
Is 45523 a multiple of 7?
False
Is 15 a factor of 1785?
True
Is 562 a multiple of 16?
False
Is 6 a factor of 1019?
False
Is 56 a multiple of 7?
True
Does 9 divide 39959?
False
Does 6 divide 5366?
False
Is 25 a factor of 20325?
True
Is 128 a factor of 514?
False
Does 4 d